(t) = t - 1. Let z(w) = 2*w - 7. Let x(d) = c(d) - z(d). What are the prime factors of x(y)?
2
Suppose 0*b = -3*w + 5*b + 22, 24 = 5*w - 2*b. Suppose -3*m + m = -w. List the prime factors of m.
2
Let g(k) = 47*k**2 + 2*k - 1. Let q be g(1). Suppose 3*i = 2*i + q. List the prime factors of i.
2, 3
Let q = -2 + 18. Let d = q + -7. What are the prime factors of d?
3
Suppose -u + 2*z + 3 = 0, -5*z = -2 - 3. Suppose u*p + 9 = -16, 5*b = -5*p + 150. What are the prime factors of b?
5, 7
Suppose -4*d - n = -4, d = 5*n - 10*n - 18. Suppose -15 - 11 = -d*i. What are the prime factors of i?
13
Let o = 36 - 63. Let m be o/(-21) - 2/7. Suppose 2*k = 9 + m. What are the prime factors of k?
5
Let g be 4/10 - (-110)/(-25). Let d be 6 + (1*-2 - g). What are the prime factors of d/(-10)*(-60)/8?
2, 3
Let b(l) = 4*l**2 + 7*l - 4. List the prime factors of b(4).
2, 11
Let b = 11 + 112. List the prime factors of (3/(-9))/((-1)/b).
41
Let v(i) = -i**2. Let w(s) = -7*s**2 - s + 2. Let l be 2 + (-4)/(8/6). Let m(z) = l*w(z) + 4*v(z). List the prime factors of m(2).
2, 3
Let h = 38 + -35. Let i(o) = 6*o - 2. Let j be i(3). Suppose -2*p = -3*r - 39, 0 = h*r - 1 + j. List the prime factors of p.
2, 3
Let b = 5 + -3. Suppose -y + 19 = 4*h, -b*h + 2*y + 12 = -0*h. Suppose -h*n + 20 + 0 = 0. What are the prime factors of n?
2
Suppose 69 + 47 = a. What are the prime factors of a?
2, 29
Let d(r) = -5 + 3 + 1 + r + 0*r. Let c be (-33)/(-4) + (-5)/20. What are the prime factors of d(c)?
7
Suppose 5*m = 4*m + 29. What are the prime factors of m?
29
Let q be 1*2*(-2)/4. Let n be (7 - 9/3)/q. What are the prime factors of n/(-26) - 111/(-39)?
3
Let z = 40 + 3. Suppose -3*r = -2*g - z, 0*g + 4*g - 5 = -r. What are the prime factors of r?
13
Let s = 7 + -4. Suppose 4*c - 13 = s*c. What are the prime factors of (-4)/12 + c/3?
2
What are the prime factors of 2 + (1 - 123*-1)?
2, 3, 7
Let y(f) = f**3 - 10*f**2 + f - 6. Let t be y(10). Suppose 0 = t*g - 2*g - 36. List the prime factors of g.
2, 3
Suppose -10 = 2*p - 4*p. Suppose 0*q - 12 = -5*q + 2*l, 32 = p*q + 3*l. What are the prime factors of q?
2
Suppose 5 = c + 11. List the prime factors of (-1)/c + 1370/60.
23
Let o be ((-2)/(-4))/(1/(-10)). Let u = 18 + o. List the prime factors of u.
13
Suppose -5*j = -16 - 194. List the prime factors of j.
2, 3, 7
Suppose 3*k = -5*m + 1 - 0, 4*m + 8 = 2*k. Let h = k + 2. What are the prime factors of h?
2
Suppose 84 = 4*a + 3*z - 192, -4*a + 244 = -5*z. List the prime factors of a.
2, 3, 11
Let v = -133 + 93. List the prime factors of ((-18)/(-15))/((-3)/v).
2
Let j = 43 - -21. List the prime factors of j.
2
Let i be 3*1 + 3 + -5. Let w be (1 + -1)*(-1 + 0). List the prime factors of 8 - (i - 1) - w.
2
List the prime factors of (92/16)/(2 - 23/12).
3, 23
What are the prime factors of (-9)/(-15) + 1488/20?
3, 5
Suppose q + q = 6. Suppose -20 = -u + q. List the prime factors of u.
23
Suppose 4*g = 166 + 190. List the prime factors of g.
89
Let i(h) = -h**3 - 9*h**2 - 5*h - 21. What are the prime factors of i(-9)?
2, 3
Suppose -4*t + 80 = 3*s, -2*t + 0*s = 3*s - 46. Let d = t - 5. Suppose -3*h = -3*a - 0*h + d, 0 = -a + 2*h + 5. List the prime factors of a.
3
Let i be 25/(-5)*(-6)/10. Suppose 2*d - 35 = -5*s, 4*d - 2 = i*s + 3. List the prime factors of d.
5
Let y(s) = -s**3 - 6*s**2 + 2*s - 2. List the prime factors of y(-7).
3, 11
Let u be 7/(28/8)*2. Let c(v) = 3*v**2 - 10*v + 4. List the prime factors of c(u).
2, 3
Let a be -38*((-15)/(-6) - 3). Suppose a = 2*g - 15. What are the prime factors of g?
17
Suppose 2*b = -4*y + 46, -4*b + 22 + 15 = -3*y. What are the prime factors of b + -1 + (2 - 3)?
11
Suppose 5*f = -3*v - 2 - 13, -f - 2*v - 10 = 0. Suppose f = -3*z + 19 + 11. List the prime factors of z.
2, 5
Suppose 0*k = k + 2. Let f be (13 + -1)*(-1)/k. List the prime factors of (-33)/2*(-4)/f.
11
Suppose y - 20 - 1 = h, -y + 15 = -3*h. Let q = y - 8. List the prime factors of q.
2
Suppose 5*z + 100 = z. Let c be (-1 + z)*(-1)/(-2). Let d = 19 + c. List the prime factors of d.
2, 3
Let c(m) = -6*m**2 + 8*m + 2*m**3 - m**3 - 6 + 0*m**2. What are the prime factors of c(6)?
2, 3, 7
Let b be ((-2)/1)/(-1) - -3. Suppose 0 = -0*h + b*h - 10. Suppose -2*g + 3*a + 27 = 0, 5*g - h*a - 48 = -a. List the prime factors of g.
3
What are the prime factors of (-12)/8 + (-795)/(-10)?
2, 3, 13
Let n(z) be the second derivative of 2/3*z**3 + 0 - 2*z**2 + 1/2*z**4 - 2*z + 1/20*z**5. List the prime factors of n(-4).
2, 3
Let x be (246/8)/((-2)/(-8)). Suppose 5*p + 48 = x. List the prime factors of p.
3, 5
Let h = -1 - -5. Suppose 38 = x + 2*b + b, h*x - 84 = 5*b. Suppose -x - 1 = -3*w. What are the prime factors of w?
3
Let i(v) = v - 4. Let o be i(-5). Suppose -r + 17 = 2*n - 6*r, 2*r = 4*n - 10. Let u = n - o. List the prime factors of u.
2, 5
Let i be 2/(-6) + (-93)/(-9). Suppose -q + i = o, -4*o - 1 = -q - 16. What are the prime factors of o?
5
List the prime factors of 36/8*8*1.
2, 3
Let a be ((-1)/(-2))/(1/2). Suppose 0 = 2*b - 5*k + a - 4, 0 = k - 1. List the prime factors of b/(-2)*(-6)/4.
3
Suppose 104 = 4*b - 140. What are the prime factors of b?
61
Suppose -2*i + 3 = i. Let u be 2/(-5) - 9/15. What are the prime factors of (0 - i)/(u/6)?
2, 3
Suppose -4*f = r, 0*r = -2*r + 3*f + 22. List the prime factors of r/(-36) + (-227)/(-9).
5
List the prime factors of (-4 + 2)*(1 - 18).
2, 17
Suppose 15 = 3*f - 3*g, 3*g + 22 = 4*f - 0*g. Suppose 0 = -4*s + 9*s - 25. Suppose 0 = f*z - s*z - 46. List the prime factors of z.
23
Suppose -5*t + 306 = 41. What are the prime factors of t?
53
Suppose -5*g - 4*k = -340, 5*g - 4*g - 2*k = 82. List the prime factors of g.
2, 3
Suppose 2*q - 186 = -q. List the prime factors of 1/4 + q/8.
2
Let m(q) = q**3 - 7*q**2 - 11. Let h be m(8). Suppose -w + 16 = -4*d + h, -d - 17 = 5*w. List the prime factors of d.
2
Let u(i) = i + 1. Let x(s) = -3*s**2 - 8*s - 4. Let g(c) = -5*u(c) - x(c). List the prime factors of g(2).
17
Suppose -4*q + 0*q + 52 = 0. Suppose 5*h - 33 = 3*a - 6, -3*h + q = -5*a. Suppose 0 = -3*m + h + 6. List the prime factors of m.
2
Let x be 6/27*33*-3. List the prime factors of x/6*-3 - -3.
2, 7
Let s(f) = -f**2 + f - 1. Let r(x) = 6*x**2 - 9*x + 11. Let i(p) = r(p) + 5*s(p). List the prime factors of i(4).
2, 3
Let h(c) = 1 + 2*c - 6*c**2 - 4*c + c**3 + 4*c. What are the prime factors of h(6)?
13
Let p = 71 + 33. What are the prime factors of p?
2, 13
Let x(w) = -w**3 + 7*w**2 + 3*w - 4. What are the prime factors of x(6)?
2, 5
Let k(b) = b**3 - 2*b**2 - 4*b - 1. Let y be k(5). Let g = 90 - y. Suppose -z - g = -4*z. List the prime factors of z.
2, 3
Let v be ((-20)/(-6))/((-2)/6). Let k = v + 16. Suppose o - 1 = k. What are the prime factors of o?
7
Let t(l) = -4 + l - 4*l - 2*l. Let m be t(-5). Let d = m + -14. What are the prime factors of d?
7
What are the prime factors of (2 - (-3)/(-2))*-2 - -108?
107
Suppose -7*s = -1068 - 1186. What are the prime factors of s?
2, 7, 23
Let s(k) = 2*k**2 + 4*k - 1. Let b be ((-3)/2)/(3/(-6)). Suppose -3*x - 3 = 5*i, 18 = -i - i + b*x. List the prime factors of s(i).
5
Let o be ((-9)/(-3) + -1)*-1. Let r(b) = 2*b**2 - b - 9. Let w(t) = -t**2 + t + 5. Let s(i) = -3*r(i) - 5*w(i). List the prime factors of s(o).
2
Let j be (-4)/(-6) + (-37)/(-3). Let i = j - 6. Suppose -5*p + 0 = -2*l - i, l + 2*p = 19. What are the prime factors of l?
3
Let a = -13 - -43. What are the prime factors of a?
2, 3, 5
Let k be ((-3)/(-9) - 1)*-69. Suppose -2*q + k = 2. What are the prime factors of q?
2, 11
Suppose 7*z + 2 = 8*z. List the prime factors of z.
2
Let x(g) = -g**3 - 8*g**2 - 1. Let i be x(-8). Let q be -2 + 13 - i - 2. Let p = 15 - q. List the prime factors of p.
5
Suppose 10*n = -0*n + 630. List the prime factors of n.
3, 7
Let r be 15/(-30) - 54/(-4). Let w = r - -17. What are the prime factors of w?
2, 3, 5
List the prime factors of (-1617)/(-44) + (-2)/(-8).
37
Let z(v) = -v + 10. What are the prime factors of z(3)?
7
Let m = 397 - 274. List the prime factors of m/12 + 1/(-4).
2, 5
Let u(j) = j**3 - 4*j**2 + 5*j - 2. Let h be u(3). Suppose h*r + 10 - 30 = 0. Let q = r - -1. What are the prime factors of q?
2, 3
Suppose -8 = -0*i - 4*i. Suppose -8 + 50 = 2*y + i*r, 4*r = -y + 12. List the prime factors of y.
2, 3
Let q(o)